-3)/(-322137)) prime?
False
Let x(l) = -1812*l - 31. Is x(-5) a composite number?
False
Suppose 8*n - 13*n + 645 = 0. Let c = n + -16. Let o = c - 60. Is o a prime number?
True
Let h = -14 + 6. Let r be (-3)/(6*2/h). Suppose 3*f + 159 = 6*f + 4*g, -2*f + r*g = -106. Is f prime?
True
Let j be -3*(-5)/(-30)*(1 + 1). Let y(w) = 1472*w**2 + 2*w + 1. Is y(j) composite?
False
Let w(k) = 19*k - 2. Let r be w(2). Let f = r - -8. Suppose 0*j + f = 2*j. Is j a composite number?
True
Let k(a) = -20*a**3 + 2*a**2 + 6*a - 7. Is k(-5) a composite number?
True
Suppose 5*i = -5*m + 5, 5*i - 2*i + 4*m - 1 = 0. Is 2*i/(-18)*-1038 composite?
True
Is 7567 - (8/(-12))/(2/12) a prime number?
False
Suppose 4*y = 5*l - 137856 - 166445, 3*l = 3*y + 182580. Is l a composite number?
True
Let d = -29 - -29. Suppose -12*y + 9*y + 2157 = d. Is y prime?
True
Let x(s) = s**2 - 7*s - 1. Let k be x(5). Let o(c) = -c**2 - 13*c - 15. Let t be o(k). Let l(w) = 10*w**2 + 8*w + 7. Is l(t) a prime number?
False
Suppose -1811 = -3*v - 4*o, -v - 2*o + o = -604. Let u = v + -276. Is u composite?
True
Suppose -5*n = 2*n - 42. Suppose -2*r + n*z + 475 = z, -r - 4*z + 231 = 0. Is r a prime number?
False
Let i = 10894 + 12223. Is i a prime number?
True
Let a(u) = 8*u**2. Let q be a(2). Suppose -16 - q = -c + 2*f, -2*c + 68 = 3*f. Suppose 222 + c = 2*j. Is j prime?
True
Suppose 11*r - 13*r + 18646 = 0. Is r prime?
True
Is (-2)/((-5)/1 - 27265/(-5455)) prime?
True
Suppose 19 = 5*q + 4. Suppose -q*o - o = 0. Suppose o = 3*x + 3*r - 177, -4*x - 34 = -2*r - 270. Is x a prime number?
True
Let i = 160 + 113. Let q = 66 + i. Suppose -2*s - q = -3*b, 5*b - 248 = 5*s + 312. Is b prime?
False
Suppose 0 = 7*f - 2*f - 40. Suppose f*q - 40 = 4*q. Suppose -r + q = -3. Is r prime?
True
Let f = 144 - 158. Let b(l) = 5*l**2 + 33*l + 15. Is b(f) a prime number?
False
Let d be 4/(-14) - (-132)/(-77). Let c be d/12 + 31/6. Let k(y) = 28*y**2 + 3*y - 2. Is k(c) composite?
True
Suppose 3*h + s - 2*s + 14 = 0, 5*h = 3*s - 22. Let k = h - -42. Is k a prime number?
True
Is (-33052)/16*(-10 + 6) a composite number?
False
Let k = 35 + -31. Suppose k*s - 203 = 153. Is s a composite number?
False
Is (5 - -2)/7 + 352 a prime number?
True
Let u(a) be the third derivative of -13*a**6/120 + 7*a**5/120 - a**4/12 + 4*a**2. Let d(g) be the second derivative of u(g). Is d(-8) a prime number?
True
Let x = -14 + 17. Let v be 0*((-20)/(-8) - x). Suppose v = 27*s - 22*s - 905. Is s a composite number?
False
Suppose 6*k + 98 = -8*k. Suppose i + 55 = 4*i + y, -4*i - 3*y = -75. Let h = i + k. Is h prime?
True
Let l be 5/10*-1*8. Let h be (-7)/l - (-7)/28. Suppose -54 = -h*g + g + 3*o, -5*o - 113 = -2*g. Is g composite?
True
Let s = 316 - 151. Suppose 15 = -5*z + 30. Suppose -2*y - 3*y - 86 = -z*f, -4*y = -5*f + s. Is f prime?
True
Let g(y) = -6*y - 1. Let w(j) = j**3 - 5*j**2 - 7*j + 5. Let n be w(6). Let l be g(n). Suppose 4*t + 580 = 4*k, -7 = 4*t + l. Is k composite?
True
Suppose -4*n + 38641 = -9*q + 8*q, 3 = q. Is n a composite number?
False
Let a(o) = -75*o + 13. Let q be 4/(-6)*(21 + -9). Is a(q) a composite number?
False
Let v(k) = 12833*k + 396. Is v(7) a prime number?
True
Let o = 19 + -21. Let m be 2 + -1 - (o + 590). Is (0 - 5)*m/5 composite?
False
Let c(l) = -84*l**3 - 5*l**2 - 3*l + 11. Is c(-3) a composite number?
False
Suppose 14*q - 20*q = -336738. Is q composite?
False
Let l(u) = -758*u**3 - u**2 + 5*u + 35. Is l(-5) composite?
True
Suppose -f - 7 = 5*l, -58 + 11 = -4*f + 5*l. Let o = -62 + 26. Is 178/f - 27/o a prime number?
True
Suppose 28457 = 17*v - 3860. Is v a prime number?
True
Suppose -22*n + 102961 = -11241. Is n a prime number?
False
Suppose 5*l = -7*t + 2*t + 75, -4*l = -t. Is (-2)/(6/t + 327/(-646)) a prime number?
False
Suppose -2*a + 24 = o + 4*o, 0 = -2*a + 4*o - 12. Suppose a*k = k + 74. Suppose 12 = 4*v, -2*v + k + 135 = i. Is i a prime number?
False
Suppose 0 = -2*w + w + d + 14636, 0 = -5*w - 2*d + 73159. Is w prime?
True
Suppose 6*v - 134130 + 38976 = 0. Is v a prime number?
True
Let y(h) = 2376*h + 271. Is y(12) a composite number?
True
Let a = 9 + -5. Let k = a - -65. Is k a prime number?
False
Let a(i) = 4*i**2 - 8*i + 1. Suppose -6*d + 38 = 5*f - 4*d, 3*d = 3*f - 6. Is a(f) a composite number?
False
Is (-5)/40 - ((-168452)/32 + -5) a prime number?
False
Let w be (-663)/3 + 2/(-1). Let y = 124 - w. Is y prime?
True
Let g(o) = 14*o**3 - 2*o**2 + 2*o. Let a be g(1). Let l be 4/(-14) + 88/a. Is l/(-10) + 5863/55 a composite number?
True
Let d(p) = -394*p + 1147. Is d(-51) composite?
True
Suppose 6*y - y = 335. Suppose 35 + y = c. Suppose z - 2*v + 244 = 3*z, z = -5*v + c. Is z a prime number?
True
Suppose -2 = -17*h - 19. Suppose 5*u + 955 = -l + 5*l, -12 = 4*u. Is h/2 + l/10 a prime number?
True
Let b be -7 - -815 - (-2 + -1). Let f = -492 + b. Is f prime?
False
Let s = 28 + -28. Let x be 7 + 160 - (1 - s). Suppose 5*p - x = -2*u + 467, 3*u + 3 = 0. Is p composite?
False
Let z(w) = w**2 + w. Let c(y) = -19*y**3 + 4*y**2 + 8*y + 17. Let n(u) = c(u) - 6*z(u). Is n(-4) composite?
False
Let a = 44 + 1875. Is a a prime number?
False
Suppose -3*n = -4*t - 11615, 17*n - 13*n - 15470 = 2*t. Is n a prime number?
False
Let a be (-2)/(-1) - 1/1. Suppose -7 = -2*b - a. Suppose b*m + 231 = 6*m. Is m prime?
False
Let f(s) = -2*s**2 - 33*s + 19. Let r be f(-17). Suppose r*d + 4*t - 42 = 2132, -3*d + 3261 = -2*t. Is d prime?
True
Suppose 4*s - s = -5*g - 1538, -3*s = -5*g + 1588. Let n = s + 910. Is n composite?
False
Suppose -4*r - 1 = -d, -5*d + 22 = -r - 2. Let z(k) = 2507*k + 2. Let a be z(r). Suppose -i + 580 = 2*j - a, -7703 = -5*j + 4*i. Is j a composite number?
False
Suppose -5*r = -w - 51784, 4*r = -4*w - w + 41433. Is r a prime number?
True
Let v(w) = -219*w**3 + 3*w**2 + 3*w. Let o be v(-2). Is (25/(-15) - -3)/(4/o) prime?
False
Suppose -11*x + 14660 = -7*x. Suppose 5*l - 1250 = x. Is l prime?
True
Let a(x) = 4*x + 1039. Is a(0) composite?
False
Suppose -4*x + 12446 = 2*j, -1212 + 7455 = 2*x + 5*j. Is x prime?
True
Suppose 84*b = 62*b + 624206. Is b prime?
False
Suppose -2*n + 4*k + 1624 + 19166 = 0, -k = 5*n - 51997. Is n a prime number?
True
Let u(z) = 776*z - 43. Is u(3) a composite number?
True
Let r(l) = 6*l**2 - 57*l + 7. Is r(-25) prime?
False
Let f = -55 + 60. Suppose f*h - 2*v - 1329 - 1088 = 0, -h + 5*v = -465. Is h a prime number?
False
Let y = -49211 - -70578. Is y a prime number?
False
Let f = -70 - -158. Let h = f + -60. Let x = h - 15. Is x composite?
False
Let q = -12 - -7. Let a = q - -2. Let z(v) = 7*v**2 - 5*v - 4. Is z(a) a prime number?
False
Let l be ((-10)/(-20))/((-2)/4). Let j be (l - (3 - 0))*-1. Suppose 5*z - a = 2069, a = j*z - 0*z - 1656. Is z composite?
True
Let j(r) = -r**3 - r + 251. Suppose 3*p - 4*f - 13 = 0, 0*p + 4*f - 11 = -5*p. Suppose -3*a - 4*q = -12, -q + p + 0 = 3*a. Is j(a) composite?
False
Suppose -8 + 3 = b, 0 = -2*l + b + 2813. Suppose 0 = 5*y - 7*y - 1678. Let z = y + l. Is z a composite number?
True
Let r = -11 - 1. Let p be 1/2 + 162/r. Let a(d) = 8*d**2 + 9. Is a(p) composite?
False
Let b = 2375 - -2948. Is b a composite number?
False
Suppose q + 8*q - 27 = 0. Suppose -q*d + 2*o = -o - 2754, -4*d - o + 3647 = 0. Is d a composite number?
True
Let l(h) = -h**2 - 14*h - 4. Let p be l(-13). Let k be (-5 + p)/(2/268). Is 10/(-4)*k/(-20) prime?
True
Let w(y) = y**2 + 8*y + 16. Let l be w(-4). Suppose 16*u - 6906 - 11446 = l. Is u composite?
True
Let d be (35/(-14))/(2/(-744)). Suppose 3*y - d - 49 = 4*g, 4*y = g + 1288. Is y a composite number?
True
Let g(l) = -l**2 - 3*l + 3. Let y be g(0). Suppose 4*j - 1707 = 2*j + p, -5*j = -y*p - 4268. Is j a composite number?
False
Suppose 0 = -13*a + 14*a - 4445. Is ((-1*a)/5)/(-1) a composite number?
True
Suppose -4*a = -1383 + 155. Is a prime?
True
Suppose -4*f + 182 = 3*u - 722, -2*f + 2 = 0. Let m = 334 + u. Is m composite?
True
Let w(l) = -l**3 + 3*l**2 - 1. Let c be w(2). Suppose 4*h = -c*h + 462. Suppose -3*o + 405 = h. Is o prime?
True
Let u(g) = 5*g + 4. Let b(s) = -s**2 - 6*s - 5. Let l(w) = -2*w**2 - 1. Let f be l(1). Let n(j) = f*b(j) - 4*u(j). Is n(-4) prime?
False
Let d(k) = 466*k - 67. Is d(32) prime?
False
Suppose 18*x = 9*x - 2574. Suppose -3*c = 2*c - 2215. Let h = c + x. Is h prime?
True
Let o